{"id":114,"date":"2024-01-10T11:50:56","date_gmt":"2024-01-10T10:50:56","guid":{"rendered":"https:\/\/yscf.be\/?page_id=114"},"modified":"2026-03-02T09:32:18","modified_gmt":"2026-03-02T08:32:18","slug":"les-infos-membre","status":"publish","type":"page","link":"https:\/\/yscf.be\/index.php\/les-infos-membre\/","title":{"rendered":"Membres"},"content":{"rendered":"<p>[et_pb_section fb_built=&#8221;1&#8243; custom_padding_last_edited=&#8221;off|desktop&#8221; admin_label=&#8221;Header&#8221; _builder_version=&#8221;4.16&#8243; background_color=&#8221;#fbfcfd&#8221; custom_padding=&#8221;6vw||0||false|false&#8221; custom_padding_tablet=&#8221;170px||50px|&#8221; global_colors_info=&#8221;{}&#8221;][et_pb_row _builder_version=&#8221;4.16&#8243; global_colors_info=&#8221;{}&#8221;][et_pb_column type=&#8221;4_4&#8243; _builder_version=&#8221;4.16&#8243; custom_padding=&#8221;|||&#8221; global_colors_info=&#8221;{}&#8221; custom_padding__hover=&#8221;|||&#8221;][et_pb_text admin_label=&#8221;Title&#8221; _builder_version=&#8221;4.23.1&#8243; text_font=&#8221;||||||||&#8221; header_font=&#8221;Oswald|700|on|on|||||&#8221; header_font_size=&#8221;4.9vw&#8221; header_letter_spacing=&#8221;0.18em&#8221; header_line_height=&#8221;1.4em&#8221; header_2_font=&#8221;||||||||&#8221; text_orientation=&#8221;center&#8221; custom_margin=&#8221;||0px&#8221; custom_margin_tablet=&#8221;|||0vw&#8221; custom_margin_phone=&#8221;||0px&#8221; custom_margin_last_edited=&#8221;off|desktop&#8221; animation_style=&#8221;slide&#8221; animation_direction=&#8221;top&#8221; animation_delay=&#8221;100ms&#8221; animation_intensity_slide=&#8221;10%&#8221; header_font_size_tablet=&#8221;7.5vw&#8221; header_font_size_phone=&#8221;&#8221; header_font_size_last_edited=&#8221;on|desktop&#8221; header_text_shadow_style=&#8221;preset3&#8243; header_text_shadow_blur_strength=&#8221;0.4em&#8221; header_text_shadow_color=&#8221;rgba(149,173,193,0.46)&#8221; global_colors_info=&#8221;{}&#8221; header_2_font_size__hover=&#8221;26px&#8221; header_2_font_size__hover_enabled=&#8221;26px&#8221; header_2_letter_spacing__hover=&#8221;0px&#8221; header_2_letter_spacing__hover_enabled=&#8221;0px&#8221; header_2_line_height__hover=&#8221;1em&#8221; header_2_line_height__hover_enabled=&#8221;1em&#8221; header_2_text_shadow_style__hover=&#8221;none&#8221; header_2_text_shadow_style__hover_enabled=&#8221;none&#8221; header_2_text_shadow_color__hover=&#8221;rgba(0,0,0,0.4)&#8221; header_2_text_shadow_color__hover_enabled=&#8221;rgba(0,0,0,0.4)&#8221; header_4_font_size__hover=&#8221;18px&#8221; header_4_font_size__hover_enabled=&#8221;18px&#8221; header_4_letter_spacing__hover=&#8221;0px&#8221; header_4_letter_spacing__hover_enabled=&#8221;0px&#8221; header_4_line_height__hover=&#8221;1em&#8221; header_4_line_height__hover_enabled=&#8221;1em&#8221; header_4_text_shadow_style__hover=&#8221;none&#8221; header_4_text_shadow_style__hover_enabled=&#8221;none&#8221; header_4_text_shadow_color__hover=&#8221;rgba(0,0,0,0.4)&#8221; header_4_text_shadow_color__hover_enabled=&#8221;rgba(0,0,0,0.4)&#8221;]<\/p>\n<h1>au Programe 2024<\/h1>\n<p>[\/et_pb_text][\/et_pb_column][\/et_pb_row][\/et_pb_section][et_pb_section fb_built=&#8221;1&#8243; _builder_version=&#8221;4.23.1&#8243; _module_preset=&#8221;default&#8221; global_colors_info=&#8221;{}&#8221;][et_pb_row _builder_version=&#8221;4.23.1&#8243; _module_preset=&#8221;default&#8221; global_colors_info=&#8221;{}&#8221;][et_pb_column type=&#8221;4_4&#8243; _builder_version=&#8221;4.23.1&#8243; _module_preset=&#8221;default&#8221; global_colors_info=&#8221;{}&#8221;][et_pb_text _builder_version=&#8221;4.23.1&#8243; _module_preset=&#8221;default&#8221; text_text_color=&#8221;#000000&#8243; custom_padding=&#8221;||7px|||&#8221; global_colors_info=&#8221;{}&#8221;]<\/p>\n<p>&nbsp;<\/p>\n<div><\/div>\n<div><\/div>\n<div><\/div>\n<div>\u00a0<b>En janvier :<\/b><\/div>\n<div><\/div>\n<div><i>\u00a0<\/i><\/div>\n<div><strong>Pour infos :<\/strong> nous avons, dans le courant du premier trimestre, 50 % de nos d\u00e9penses annuelles ( taxes, assurances, loyers etc&#8230; ) sans la moindre rentr\u00e9e financi\u00e8re<\/div>\n<div>Nous remercions ceux d&#8217;entre vous qui ont d\u00e9j\u00e0 pay\u00e9 ou qui ont adopt\u00e9 la domiciliation<\/div>\n<div>Nous rappelons que vous avez la possibilit\u00e9 de payer cette facture par domiciliation soit 12 mensualit\u00e9s <b>sans frais<\/b> (contacter Jacqueline pour obtenir\u00a0le formulaire )<\/div>\n<div>Vous pouvez aussi utiliser\u00a0un payement par &#8221; ordre permanent mensuel &#8220;<\/div>\n<div><\/div>\n<div><\/div>\n<div><b><\/b><\/div>\n<div><\/div>\n<div><\/div>\n<p>[\/et_pb_text][et_pb_text _builder_version=&#8221;4.23.1&#8243; _module_preset=&#8221;default&#8221; text_text_color=&#8221;#000000&#8243; global_colors_info=&#8221;{}&#8221;]<\/p>\n<p>&nbsp;<\/p>\n<div><\/div>\n<div><\/div>\n<div><\/div>\n<div>\n<div><b>En F\u00e9vrier\u00a0<\/b><\/div>\n<div><\/div>\n<div><\/div>\n<div><\/div>\n<div><\/div>\n<p><b><\/b><\/p>\n<\/div>\n<p>[\/et_pb_text][et_pb_text _builder_version=&#8221;4.23.1&#8243; _module_preset=&#8221;default&#8221; text_text_color=&#8221;#000000&#8243; hover_enabled=&#8221;0&#8243; global_colors_info=&#8221;{}&#8221; custom_padding=&#8221;||14px|||&#8221; sticky_enabled=&#8221;0&#8243;]<\/p>\n<p>&nbsp;<\/p>\n<div><\/div>\n<div><\/div>\n<div><\/div>\n<div>\n<div>\n<div><b>En Mars <\/b><\/div>\n<div><\/div>\n<div><\/div>\n<div><\/div>\n<div><\/div>\n<div><\/div>\n<div><\/div>\n<div><\/div>\n<div><\/div>\n<\/div>\n<div><\/div>\n<div><\/div>\n<div><\/div>\n<p><b><\/b><\/p>\n<\/div>\n<p>[\/et_pb_text][et_pb_text _builder_version=&#8221;4.23.1&#8243; _module_preset=&#8221;default&#8221; text_text_color=&#8221;#000000&#8243; global_colors_info=&#8221;{}&#8221;]<\/p>\n<p>&nbsp;<\/p>\n<div><\/div>\n<div><\/div>\n<div><\/div>\n<div>\n<div>\n<div>\n<div><b>En avril<\/b><\/div>\n<div>&#8212; Ouverture de la saison , la date d\u00e9pend\u00a0du climat que nous aurons ! Esp\u00e9rons une belle saison pleine de soleil<\/div>\n<\/div>\n<div><\/div>\n<div><\/div>\n<div><\/div>\n<div><\/div>\n<div><\/div>\n<div><\/div>\n<div><\/div>\n<\/div>\n<div><\/div>\n<div><\/div>\n<div><\/div>\n<p><b><\/b><\/p>\n<\/div>\n<p>[\/et_pb_text][\/et_pb_column][\/et_pb_row][\/et_pb_section][et_pb_section fb_built=&#8221;1&#8243; custom_padding_last_edited=&#8221;off|desktop&#8221; prev_background_color=&#8221;#ffffff&#8221; admin_label=&#8221;Footer&#8221; _builder_version=&#8221;4.23.1&#8243; use_background_color_gradient=&#8221;on&#8221; background_color_gradient_direction=&#8221;135deg&#8221; background_color_gradient_stops=&#8221;rgba(38,45,63,0.8) 0%|#262d3f 100%&#8221; background_color_gradient_overlays_image=&#8221;on&#8221; background_color_gradient_start=&#8221;rgba(38,45,63,0.8)&#8221; background_color_gradient_end=&#8221;#262d3f&#8221; background_image=&#8221;http:\/\/yscf.be\/wp-content\/uploads\/2024\/01\/14138836_917375061707884_6649102091247563137_o.jpg&#8221; custom_padding=&#8221;13vw||10vw||false&#8221; custom_padding_tablet=&#8221;170px||50px|&#8221; top_divider_style=&#8221;arrow&#8221; top_divider_height=&#8221;10vw&#8221; top_divider_height_tablet=&#8221;80px&#8221; top_divider_height_phone=&#8221;80px&#8221; top_divider_height_last_edited=&#8221;off|desktop&#8221; bottom_divider_color=&#8221;#ffffff&#8221; bottom_divider_height=&#8221;200px&#8221; bottom_divider_repeat=&#8221;2x&#8221; bottom_divider_arrangement=&#8221;above_content&#8221; global_colors_info=&#8221;{}&#8221; top_divider_height__hover_enabled=&#8221;on&#8221; top_divider_height__hover=&#8221;12vw&#8221;][\/et_pb_section][et_pb_section fb_built=&#8221;1&#8243; admin_label=&#8221;Program Title&#8221; _builder_version=&#8221;4.16&#8243; background_color=&#8221;#fbfcfd&#8221; global_colors_info=&#8221;{}&#8221;][et_pb_row _builder_version=&#8221;4.16&#8243; max_width=&#8221;80%&#8221; use_custom_width=&#8221;on&#8221; width_unit=&#8221;off&#8221; global_colors_info=&#8221;{}&#8221;][et_pb_column type=&#8221;4_4&#8243; _builder_version=&#8221;4.16&#8243; custom_padding=&#8221;|||&#8221; global_colors_info=&#8221;{}&#8221; custom_padding__hover=&#8221;|||&#8221;][et_pb_text admin_label=&#8221;Title&#8221; _builder_version=&#8221;4.23.1&#8243; text_font=&#8221;||||||||&#8221; header_font=&#8221;||||||||&#8221; header_2_font=&#8221;Oswald|700|on|on|||||&#8221; header_2_font_size=&#8221;10vw&#8221; header_2_letter_spacing=&#8221;0.18em&#8221; background_layout=&#8221;dark&#8221; custom_margin_tablet=&#8221;|||0vw&#8221; animation_style=&#8221;fade&#8221; animation_direction=&#8221;left&#8221; animation_delay=&#8221;100ms&#8221; header_2_font_size_tablet=&#8221;7.5vw&#8221; header_2_font_size_last_edited=&#8221;off|desktop&#8221; header_2_text_shadow_style=&#8221;preset3&#8243; header_2_text_shadow_horizontal_length=&#8221;-0.14em&#8221; header_2_text_shadow_vertical_length=&#8221;0.1em&#8221; header_2_text_shadow_blur_strength=&#8221;0.8em&#8221; header_2_text_shadow_color=&#8221;rgba(149,173,193,0.46)&#8221; locked=&#8221;off&#8221; global_colors_info=&#8221;{}&#8221;]<\/p>\n<h2>agenda yscf 2024<\/h2>\n<p>[\/et_pb_text][\/et_pb_column][\/et_pb_row][\/et_pb_section]<\/p>\n","protected":false},"excerpt":{"rendered":"<p>au Programe 2024&nbsp; \u00a0En janvier : \u00a0 Pour infos : nous avons, dans le courant du premier trimestre, 50 % de nos d\u00e9penses annuelles ( taxes, assurances, loyers etc&#8230; ) sans la moindre rentr\u00e9e financi\u00e8re Nous remercions ceux d&#8217;entre vous qui ont d\u00e9j\u00e0 pay\u00e9 ou qui ont adopt\u00e9 la domiciliation Nous rappelons que vous avez [&hellip;]<\/p>\n","protected":false},"author":1,"featured_media":0,"parent":0,"menu_order":0,"comment_status":"closed","ping_status":"closed","template":"","meta":{"_et_pb_use_builder":"on","_et_pb_old_content":"","_et_gb_content_width":"","footnotes":""},"class_list":["post-114","page","type-page","status-publish","hentry"],"yoast_head":"<!-- This site is optimized with the Yoast SEO plugin v26.7 - https:\/\/yoast.com\/wordpress\/plugins\/seo\/ -->\n<title>Membres - yscf<\/title>\n<meta name=\"robots\" content=\"index, follow, max-snippet:-1, max-image-preview:large, max-video-preview:-1\" \/>\n<link rel=\"canonical\" href=\"https:\/\/yscf.be\/index.php\/les-infos-membre\/\" \/>\n<meta property=\"og:locale\" content=\"en_US\" \/>\n<meta property=\"og:type\" content=\"article\" \/>\n<meta property=\"og:title\" content=\"Membres - yscf\" \/>\n<meta property=\"og:description\" content=\"au Programe 2024&nbsp; \u00a0En janvier : \u00a0 Pour infos : nous avons, dans le courant du premier trimestre, 50 % de nos d\u00e9penses annuelles ( taxes, assurances, loyers etc... ) sans la moindre rentr\u00e9e financi\u00e8re Nous remercions ceux d&#039;entre vous qui ont d\u00e9j\u00e0 pay\u00e9 ou qui ont adopt\u00e9 la domiciliation Nous rappelons que vous avez [&hellip;]\" \/>\n<meta property=\"og:url\" content=\"https:\/\/yscf.be\/index.php\/les-infos-membre\/\" \/>\n<meta property=\"og:site_name\" content=\"yscf\" \/>\n<meta property=\"article:publisher\" content=\"https:\/\/www.facebook.com\/YachtSkiClubFlemalle\" \/>\n<meta property=\"article:modified_time\" content=\"2026-03-02T08:32:18+00:00\" \/>\n<meta name=\"twitter:card\" content=\"summary_large_image\" \/>\n<meta name=\"twitter:label1\" content=\"Est. reading time\" \/>\n\t<meta name=\"twitter:data1\" content=\"4 minutes\" \/>\n<script type=\"application\/ld+json\" class=\"yoast-schema-graph\">{\"@context\":\"https:\/\/schema.org\",\"@graph\":[{\"@type\":\"WebPage\",\"@id\":\"https:\/\/yscf.be\/index.php\/les-infos-membre\/\",\"url\":\"https:\/\/yscf.be\/index.php\/les-infos-membre\/\",\"name\":\"Membres - yscf\",\"isPartOf\":{\"@id\":\"https:\/\/yscf.be\/#website\"},\"datePublished\":\"2024-01-10T10:50:56+00:00\",\"dateModified\":\"2026-03-02T08:32:18+00:00\",\"breadcrumb\":{\"@id\":\"https:\/\/yscf.be\/index.php\/les-infos-membre\/#breadcrumb\"},\"inLanguage\":\"en-US\",\"potentialAction\":[{\"@type\":\"ReadAction\",\"target\":[\"https:\/\/yscf.be\/index.php\/les-infos-membre\/\"]}]},{\"@type\":\"BreadcrumbList\",\"@id\":\"https:\/\/yscf.be\/index.php\/les-infos-membre\/#breadcrumb\",\"itemListElement\":[{\"@type\":\"ListItem\",\"position\":1,\"name\":\"Home\",\"item\":\"https:\/\/yscf.be\/\"},{\"@type\":\"ListItem\",\"position\":2,\"name\":\"Membres\"}]},{\"@type\":\"WebSite\",\"@id\":\"https:\/\/yscf.be\/#website\",\"url\":\"https:\/\/yscf.be\/\",\"name\":\"yscf\",\"description\":\"\",\"publisher\":{\"@id\":\"https:\/\/yscf.be\/#organization\"},\"potentialAction\":[{\"@type\":\"SearchAction\",\"target\":{\"@type\":\"EntryPoint\",\"urlTemplate\":\"https:\/\/yscf.be\/?s={search_term_string}\"},\"query-input\":{\"@type\":\"PropertyValueSpecification\",\"valueRequired\":true,\"valueName\":\"search_term_string\"}}],\"inLanguage\":\"en-US\"},{\"@type\":\"Organization\",\"@id\":\"https:\/\/yscf.be\/#organization\",\"name\":\"yscf\",\"url\":\"https:\/\/yscf.be\/\",\"logo\":{\"@type\":\"ImageObject\",\"inLanguage\":\"en-US\",\"@id\":\"https:\/\/yscf.be\/#\/schema\/logo\/image\/\",\"url\":\"http:\/\/yscf.be\/wp-content\/uploads\/2024\/01\/cropped-AAAAAAAAAAAa.png\",\"contentUrl\":\"http:\/\/yscf.be\/wp-content\/uploads\/2024\/01\/cropped-AAAAAAAAAAAa.png\",\"width\":512,\"height\":512,\"caption\":\"yscf\"},\"image\":{\"@id\":\"https:\/\/yscf.be\/#\/schema\/logo\/image\/\"},\"sameAs\":[\"https:\/\/www.facebook.com\/YachtSkiClubFlemalle\"]}]}<\/script>\n<!-- \/ Yoast SEO plugin. -->","yoast_head_json":{"title":"Membres - yscf","robots":{"index":"index","follow":"follow","max-snippet":"max-snippet:-1","max-image-preview":"max-image-preview:large","max-video-preview":"max-video-preview:-1"},"canonical":"https:\/\/yscf.be\/index.php\/les-infos-membre\/","og_locale":"en_US","og_type":"article","og_title":"Membres - yscf","og_description":"au Programe 2024&nbsp; \u00a0En janvier : \u00a0 Pour infos : nous avons, dans le courant du premier trimestre, 50 % de nos d\u00e9penses annuelles ( taxes, assurances, loyers etc... ) sans la moindre rentr\u00e9e financi\u00e8re Nous remercions ceux d'entre vous qui ont d\u00e9j\u00e0 pay\u00e9 ou qui ont adopt\u00e9 la domiciliation Nous rappelons que vous avez [&hellip;]","og_url":"https:\/\/yscf.be\/index.php\/les-infos-membre\/","og_site_name":"yscf","article_publisher":"https:\/\/www.facebook.com\/YachtSkiClubFlemalle","article_modified_time":"2026-03-02T08:32:18+00:00","twitter_card":"summary_large_image","twitter_misc":{"Est. reading time":"4 minutes"},"schema":{"@context":"https:\/\/schema.org","@graph":[{"@type":"WebPage","@id":"https:\/\/yscf.be\/index.php\/les-infos-membre\/","url":"https:\/\/yscf.be\/index.php\/les-infos-membre\/","name":"Membres - yscf","isPartOf":{"@id":"https:\/\/yscf.be\/#website"},"datePublished":"2024-01-10T10:50:56+00:00","dateModified":"2026-03-02T08:32:18+00:00","breadcrumb":{"@id":"https:\/\/yscf.be\/index.php\/les-infos-membre\/#breadcrumb"},"inLanguage":"en-US","potentialAction":[{"@type":"ReadAction","target":["https:\/\/yscf.be\/index.php\/les-infos-membre\/"]}]},{"@type":"BreadcrumbList","@id":"https:\/\/yscf.be\/index.php\/les-infos-membre\/#breadcrumb","itemListElement":[{"@type":"ListItem","position":1,"name":"Home","item":"https:\/\/yscf.be\/"},{"@type":"ListItem","position":2,"name":"Membres"}]},{"@type":"WebSite","@id":"https:\/\/yscf.be\/#website","url":"https:\/\/yscf.be\/","name":"yscf","description":"","publisher":{"@id":"https:\/\/yscf.be\/#organization"},"potentialAction":[{"@type":"SearchAction","target":{"@type":"EntryPoint","urlTemplate":"https:\/\/yscf.be\/?s={search_term_string}"},"query-input":{"@type":"PropertyValueSpecification","valueRequired":true,"valueName":"search_term_string"}}],"inLanguage":"en-US"},{"@type":"Organization","@id":"https:\/\/yscf.be\/#organization","name":"yscf","url":"https:\/\/yscf.be\/","logo":{"@type":"ImageObject","inLanguage":"en-US","@id":"https:\/\/yscf.be\/#\/schema\/logo\/image\/","url":"http:\/\/yscf.be\/wp-content\/uploads\/2024\/01\/cropped-AAAAAAAAAAAa.png","contentUrl":"http:\/\/yscf.be\/wp-content\/uploads\/2024\/01\/cropped-AAAAAAAAAAAa.png","width":512,"height":512,"caption":"yscf"},"image":{"@id":"https:\/\/yscf.be\/#\/schema\/logo\/image\/"},"sameAs":["https:\/\/www.facebook.com\/YachtSkiClubFlemalle"]}]}},"_links":{"self":[{"href":"https:\/\/yscf.be\/index.php\/wp-json\/wp\/v2\/pages\/114","targetHints":{"allow":["GET"]}}],"collection":[{"href":"https:\/\/yscf.be\/index.php\/wp-json\/wp\/v2\/pages"}],"about":[{"href":"https:\/\/yscf.be\/index.php\/wp-json\/wp\/v2\/types\/page"}],"author":[{"embeddable":true,"href":"https:\/\/yscf.be\/index.php\/wp-json\/wp\/v2\/users\/1"}],"replies":[{"embeddable":true,"href":"https:\/\/yscf.be\/index.php\/wp-json\/wp\/v2\/comments?post=114"}],"version-history":[{"count":20,"href":"https:\/\/yscf.be\/index.php\/wp-json\/wp\/v2\/pages\/114\/revisions"}],"predecessor-version":[{"id":299,"href":"https:\/\/yscf.be\/index.php\/wp-json\/wp\/v2\/pages\/114\/revisions\/299"}],"wp:attachment":[{"href":"https:\/\/yscf.be\/index.php\/wp-json\/wp\/v2\/media?parent=114"}],"curies":[{"name":"wp","href":"https:\/\/api.w.org\/{rel}","templated":true}]}}